{"id":183,"date":"2025-11-17T17:17:16","date_gmt":"2025-11-17T17:17:16","guid":{"rendered":"https:\/\/lappartducriou.fr\/?page_id=183"},"modified":"2025-11-21T09:22:35","modified_gmt":"2025-11-21T09:22:35","slug":"elementor-183","status":"publish","type":"page","link":"https:\/\/lappartducriou.fr\/","title":{"rendered":"Page d&rsquo;accueil"},"content":{"rendered":"\t\t<div data-elementor-type=\"wp-post\" data-elementor-id=\"183\" class=\"elementor elementor-183\">\n\t\t\t\t<div class=\"elementor-element elementor-element-e879e66 e-flex e-con-boxed e-con e-parent\" data-id=\"e879e66\" data-element_type=\"container\" data-settings=\"{&quot;background_background&quot;:&quot;slideshow&quot;,&quot;background_slideshow_gallery&quot;:[{&quot;id&quot;:12,&quot;url&quot;:&quot;http:\\\/\\\/lappartducriou.fr\\\/wp-content\\\/uploads\\\/2025\\\/11\\\/IMG_4784-rotated.jpg&quot;}],&quot;background_slideshow_loop&quot;:&quot;yes&quot;,&quot;background_slideshow_slide_duration&quot;:5000,&quot;background_slideshow_slide_transition&quot;:&quot;fade&quot;,&quot;background_slideshow_transition_duration&quot;:500}\">\n\t\t\t\t\t<div class=\"e-con-inner\">\n\t\t\t\t<div class=\"elementor-element elementor-element-79db281 elementor-widget elementor-widget-heading\" data-id=\"79db281\" data-element_type=\"widget\" data-widget_type=\"heading.default\">\n\t\t\t\t\t<h2 class=\"elementor-heading-title elementor-size-default\">Bienvenue \u00e0 l'appartement du Criou<\/h2>\t\t\t\t<\/div>\n\t\t\t\t<div class=\"elementor-element elementor-element-f287a1c elementor-widget elementor-widget-button\" data-id=\"f287a1c\" data-element_type=\"widget\" data-widget_type=\"button.default\">\n\t\t\t\t\t\t\t\t\t\t<a class=\"elementor-button elementor-button-link elementor-size-sm\" href=\"https:\/\/lappartducriou.fr\/index.php\/4-couchages\/\">\n\t\t\t\t\t\t<span class=\"elementor-button-content-wrapper\">\n\t\t\t\t\t\t\t\t\t<span class=\"elementor-button-text\">Cliquez pour d\u00e9couvrir<\/span>\n\t\t\t\t\t<\/span>\n\t\t\t\t\t<\/a>\n\t\t\t\t\t\t\t\t<\/div>\n\t\t\t\t\t<\/div>\n\t\t\t\t<\/div>\n\t\t<div class=\"elementor-element elementor-element-4b4b0d3 e-flex e-con-boxed e-con e-parent\" data-id=\"4b4b0d3\" data-element_type=\"container\">\n\t\t\t\t\t<div class=\"e-con-inner\">\n\t\t\t\t<div class=\"elementor-element elementor-element-b017711 elementor-widget elementor-widget-heading\" data-id=\"b017711\" data-element_type=\"widget\" data-widget_type=\"heading.default\">\n\t\t\t\t\t<h2 class=\"elementor-heading-title elementor-size-default\">Venez d\u00e9couvrir notre appartement confortable et chaleureux au coeur du domaine du Grand Massif \u00e0 Samoens.<br><br>Id\u00e9al pour vos vacances d'hiver et d'\u00e9t\u00e9, il vous offre tout le confort avec petite cuisine \u00e9quip\u00e9e. Avec une surface de 27m2 vous pourrez profiter d'une belle terrasse avec jardin qui vous donne une vue sur le Criou.<br><br>Notre appartement peut accueillir jusqu'\u00e0 4 personnes avec sa banquette convertible et son coin montagne. Il dispose d'une salle de bain avec douche et WC s\u00e9par\u00e9. L'appartement dispose \u00e9galement d'un casier \u00e0 skis.<br><br>Situ\u00e9 \u00e0 proximit\u00e9 du centre ville et \u00e0 10min \u00e0 pied des remont\u00e9es m\u00e9canique et ski bus sur le parking. Vous trouverez un petit magasin sherpa et un cin\u00e9ma sur le parking de l'immeuble.<br><br>L'appartement dispose d'une place de parking priv\u00e9e en sous-sol.<br><br>Les animaux sont les bienvenus sur demande.<\/h2>\t\t\t\t<\/div>\n\t\t\t\t\t<\/div>\n\t\t\t\t<\/div>\n\t\t<div class=\"elementor-element elementor-element-b56f499 e-flex e-con-boxed e-con e-parent\" data-id=\"b56f499\" data-element_type=\"container\">\n\t\t\t\t\t<div class=\"e-con-inner\">\n\t\t\t\t\t<\/div>\n\t\t\t\t<\/div>\n\t\t\t\t<\/div>\n\t\t","protected":false},"excerpt":{"rendered":"<p>Bienvenue \u00e0 l&rsquo;appartement du Criou Cliquez pour d\u00e9couvrir Venez d\u00e9couvrir notre appartement confortable et chaleureux au coeur du domaine du Grand Massif \u00e0 Samoens. Id\u00e9al pour vos vacances d&rsquo;hiver et d&rsquo;\u00e9t\u00e9, il vous offre tout le confort avec petite cuisine \u00e9quip\u00e9e. Avec une surface de 27m2 vous pourrez profiter d&rsquo;une belle terrasse avec jardin qui [&hellip;]<\/p>\n","protected":false},"author":1,"featured_media":0,"parent":0,"menu_order":0,"comment_status":"closed","ping_status":"closed","template":"elementor_header_footer","meta":{"footnotes":""},"class_list":["post-183","page","type-page","status-publish","hentry","entry"],"_links":{"self":[{"href":"https:\/\/lappartducriou.fr\/index.php\/wp-json\/wp\/v2\/pages\/183","targetHints":{"allow":["GET"]}}],"collection":[{"href":"https:\/\/lappartducriou.fr\/index.php\/wp-json\/wp\/v2\/pages"}],"about":[{"href":"https:\/\/lappartducriou.fr\/index.php\/wp-json\/wp\/v2\/types\/page"}],"author":[{"embeddable":true,"href":"https:\/\/lappartducriou.fr\/index.php\/wp-json\/wp\/v2\/users\/1"}],"replies":[{"embeddable":true,"href":"https:\/\/lappartducriou.fr\/index.php\/wp-json\/wp\/v2\/comments?post=183"}],"version-history":[{"count":50,"href":"https:\/\/lappartducriou.fr\/index.php\/wp-json\/wp\/v2\/pages\/183\/revisions"}],"predecessor-version":[{"id":433,"href":"https:\/\/lappartducriou.fr\/index.php\/wp-json\/wp\/v2\/pages\/183\/revisions\/433"}],"wp:attachment":[{"href":"https:\/\/lappartducriou.fr\/index.php\/wp-json\/wp\/v2\/media?parent=183"}],"curies":[{"name":"wp","href":"https:\/\/api.w.org\/{rel}","templated":true}]}}