{"id":288,"date":"2025-11-19T18:04:27","date_gmt":"2025-11-19T18:04:27","guid":{"rendered":"https:\/\/lappartducriou.fr\/?page_id=288"},"modified":"2026-01-07T16:52:39","modified_gmt":"2026-01-07T16:52:39","slug":"les-activites","status":"publish","type":"page","link":"https:\/\/lappartducriou.fr\/index.php\/les-activites\/","title":{"rendered":"Les activit\u00e9s"},"content":{"rendered":"\t\t<div data-elementor-type=\"wp-page\" data-elementor-id=\"288\" class=\"elementor elementor-288\">\n\t\t\t\t<div class=\"elementor-element elementor-element-a9c6f56 e-grid e-con-boxed e-con e-parent\" data-id=\"a9c6f56\" data-element_type=\"container\">\n\t\t\t\t\t<div class=\"e-con-inner\">\n\t\t\t\t<div class=\"elementor-element elementor-element-1c78326 elementor-widget elementor-widget-image\" data-id=\"1c78326\" data-element_type=\"widget\" data-widget_type=\"image.default\">\n\t\t\t\t\t\t\t\t\t\t\t\t\t\t\t<img fetchpriority=\"high\" decoding=\"async\" width=\"768\" height=\"1024\" src=\"https:\/\/lappartducriou.fr\/wp-content\/uploads\/2026\/01\/IMG_5504-768x1024.jpeg\" class=\"attachment-large size-large wp-image-509\" alt=\"\" srcset=\"https:\/\/lappartducriou.fr\/wp-content\/uploads\/2026\/01\/IMG_5504-768x1024.jpeg 768w, https:\/\/lappartducriou.fr\/wp-content\/uploads\/2026\/01\/IMG_5504-225x300.jpeg 225w, https:\/\/lappartducriou.fr\/wp-content\/uploads\/2026\/01\/IMG_5504-1152x1536.jpeg 1152w, https:\/\/lappartducriou.fr\/wp-content\/uploads\/2026\/01\/IMG_5504-rotated.jpeg 1512w\" sizes=\"(max-width: 768px) 100vw, 768px\" \/>\t\t\t\t\t\t\t\t\t\t\t\t\t\t\t<\/div>\n\t\t\t\t<div class=\"elementor-element elementor-element-c97fdee elementor-widget elementor-widget-heading\" data-id=\"c97fdee\" data-element_type=\"widget\" data-widget_type=\"heading.default\">\n\t\t\t\t\t<h2 class=\"elementor-heading-title elementor-size-default\">L'hiver venez profiter de notre domaine skiable, faire de la raquette pour aller admirer le mont blanc.\nPendant la p\u00e9riode de Noel, vous pourrez profiter des festivit\u00e9s ainsi que du march\u00e9 de Noel.<\/h2>\t\t\t\t<\/div>\n\t\t\t\t<div class=\"elementor-element elementor-element-bb82b2a elementor-widget elementor-widget-image\" data-id=\"bb82b2a\" data-element_type=\"widget\" data-widget_type=\"image.default\">\n\t\t\t\t\t\t\t\t\t\t\t\t\t\t\t<img decoding=\"async\" width=\"768\" height=\"1024\" src=\"https:\/\/lappartducriou.fr\/wp-content\/uploads\/2026\/01\/IMG_5505-768x1024.jpeg\" class=\"attachment-large size-large wp-image-510\" alt=\"\" srcset=\"https:\/\/lappartducriou.fr\/wp-content\/uploads\/2026\/01\/IMG_5505-768x1024.jpeg 768w, https:\/\/lappartducriou.fr\/wp-content\/uploads\/2026\/01\/IMG_5505-225x300.jpeg 225w, https:\/\/lappartducriou.fr\/wp-content\/uploads\/2026\/01\/IMG_5505-1152x1536.jpeg 1152w, https:\/\/lappartducriou.fr\/wp-content\/uploads\/2026\/01\/IMG_5505-rotated.jpeg 1512w\" sizes=\"(max-width: 768px) 100vw, 768px\" \/>\t\t\t\t\t\t\t\t\t\t\t\t\t\t\t<\/div>\n\t\t\t\t<div class=\"elementor-element elementor-element-5129bdb elementor-widget elementor-widget-image\" data-id=\"5129bdb\" data-element_type=\"widget\" data-widget_type=\"image.default\">\n\t\t\t\t\t\t\t\t\t\t\t\t\t\t\t<img decoding=\"async\" width=\"768\" height=\"1024\" src=\"https:\/\/lappartducriou.fr\/wp-content\/uploads\/2026\/01\/IMG_5503-768x1024.jpeg\" class=\"attachment-large size-large wp-image-508\" alt=\"\" srcset=\"https:\/\/lappartducriou.fr\/wp-content\/uploads\/2026\/01\/IMG_5503-768x1024.jpeg 768w, https:\/\/lappartducriou.fr\/wp-content\/uploads\/2026\/01\/IMG_5503-225x300.jpeg 225w, https:\/\/lappartducriou.fr\/wp-content\/uploads\/2026\/01\/IMG_5503-1152x1536.jpeg 1152w, https:\/\/lappartducriou.fr\/wp-content\/uploads\/2026\/01\/IMG_5503-rotated.jpeg 1512w\" sizes=\"(max-width: 768px) 100vw, 768px\" \/>\t\t\t\t\t\t\t\t\t\t\t\t\t\t\t<\/div>\n\t\t\t\t<div class=\"elementor-element elementor-element-279f191 elementor-widget elementor-widget-image\" data-id=\"279f191\" data-element_type=\"widget\" data-widget_type=\"image.default\">\n\t\t\t\t\t\t\t\t\t\t\t\t\t\t\t<img loading=\"lazy\" decoding=\"async\" width=\"768\" height=\"1024\" src=\"https:\/\/lappartducriou.fr\/wp-content\/uploads\/2026\/01\/IMG_5502-768x1024.jpeg\" class=\"attachment-large size-large wp-image-507\" alt=\"\" srcset=\"https:\/\/lappartducriou.fr\/wp-content\/uploads\/2026\/01\/IMG_5502-768x1024.jpeg 768w, https:\/\/lappartducriou.fr\/wp-content\/uploads\/2026\/01\/IMG_5502-225x300.jpeg 225w, https:\/\/lappartducriou.fr\/wp-content\/uploads\/2026\/01\/IMG_5502-1152x1536.jpeg 1152w, https:\/\/lappartducriou.fr\/wp-content\/uploads\/2026\/01\/IMG_5502-rotated.jpeg 1512w\" sizes=\"(max-width: 768px) 100vw, 768px\" \/>\t\t\t\t\t\t\t\t\t\t\t\t\t\t\t<\/div>\n\t\t\t\t<div class=\"elementor-element elementor-element-b70f8a9 elementor-widget elementor-widget-image\" data-id=\"b70f8a9\" data-element_type=\"widget\" data-widget_type=\"image.default\">\n\t\t\t\t\t\t\t\t\t\t\t\t\t\t\t<img loading=\"lazy\" decoding=\"async\" width=\"768\" height=\"1024\" src=\"https:\/\/lappartducriou.fr\/wp-content\/uploads\/2026\/01\/IMG_9269-768x1024.jpeg\" class=\"attachment-large size-large wp-image-505\" alt=\"\" srcset=\"https:\/\/lappartducriou.fr\/wp-content\/uploads\/2026\/01\/IMG_9269-768x1024.jpeg 768w, https:\/\/lappartducriou.fr\/wp-content\/uploads\/2026\/01\/IMG_9269-225x300.jpeg 225w, https:\/\/lappartducriou.fr\/wp-content\/uploads\/2026\/01\/IMG_9269-1152x1536.jpeg 1152w, https:\/\/lappartducriou.fr\/wp-content\/uploads\/2026\/01\/IMG_9269-rotated.jpeg 1512w\" sizes=\"(max-width: 768px) 100vw, 768px\" \/>\t\t\t\t\t\t\t\t\t\t\t\t\t\t\t<\/div>\n\t\t\t\t<div class=\"elementor-element elementor-element-3ad20e5 elementor-widget elementor-widget-image\" data-id=\"3ad20e5\" data-element_type=\"widget\" data-widget_type=\"image.default\">\n\t\t\t\t\t\t\t\t\t\t\t\t\t\t\t<img loading=\"lazy\" decoding=\"async\" width=\"768\" height=\"1024\" src=\"https:\/\/lappartducriou.fr\/wp-content\/uploads\/2026\/01\/IMG_9268-1-768x1024.jpeg\" class=\"attachment-large size-large wp-image-504\" alt=\"\" srcset=\"https:\/\/lappartducriou.fr\/wp-content\/uploads\/2026\/01\/IMG_9268-1-768x1024.jpeg 768w, https:\/\/lappartducriou.fr\/wp-content\/uploads\/2026\/01\/IMG_9268-1-225x300.jpeg 225w, https:\/\/lappartducriou.fr\/wp-content\/uploads\/2026\/01\/IMG_9268-1-1152x1536.jpeg 1152w, https:\/\/lappartducriou.fr\/wp-content\/uploads\/2026\/01\/IMG_9268-1-rotated.jpeg 1512w\" sizes=\"(max-width: 768px) 100vw, 768px\" \/>\t\t\t\t\t\t\t\t\t\t\t\t\t\t\t<\/div>\n\t\t\t\t<div class=\"elementor-element elementor-element-1278fa8 elementor-widget elementor-widget-image\" data-id=\"1278fa8\" data-element_type=\"widget\" data-widget_type=\"image.default\">\n\t\t\t\t\t\t\t\t\t\t\t\t\t\t\t<img loading=\"lazy\" decoding=\"async\" width=\"551\" height=\"1024\" src=\"https:\/\/lappartducriou.fr\/wp-content\/uploads\/2025\/11\/IMG_3968-551x1024.jpg\" class=\"attachment-large size-large wp-image-486\" alt=\"\" srcset=\"https:\/\/lappartducriou.fr\/wp-content\/uploads\/2025\/11\/IMG_3968-551x1024.jpg 551w, https:\/\/lappartducriou.fr\/wp-content\/uploads\/2025\/11\/IMG_3968-161x300.jpg 161w, https:\/\/lappartducriou.fr\/wp-content\/uploads\/2025\/11\/IMG_3968.jpg 594w\" sizes=\"(max-width: 551px) 100vw, 551px\" \/>\t\t\t\t\t\t\t\t\t\t\t\t\t\t\t<\/div>\n\t\t\t\t<div class=\"elementor-element elementor-element-40722bf elementor-widget elementor-widget-image\" data-id=\"40722bf\" data-element_type=\"widget\" data-widget_type=\"image.default\">\n\t\t\t\t\t\t\t\t\t\t\t\t\t\t\t<img loading=\"lazy\" decoding=\"async\" width=\"576\" height=\"1024\" src=\"https:\/\/lappartducriou.fr\/wp-content\/uploads\/2025\/11\/20200101_135331-576x1024.jpg\" class=\"attachment-large size-large wp-image-496\" alt=\"\" srcset=\"https:\/\/lappartducriou.fr\/wp-content\/uploads\/2025\/11\/20200101_135331-576x1024.jpg 576w, https:\/\/lappartducriou.fr\/wp-content\/uploads\/2025\/11\/20200101_135331-169x300.jpg 169w, https:\/\/lappartducriou.fr\/wp-content\/uploads\/2025\/11\/20200101_135331-768x1365.jpg 768w, https:\/\/lappartducriou.fr\/wp-content\/uploads\/2025\/11\/20200101_135331-864x1536.jpg 864w, https:\/\/lappartducriou.fr\/wp-content\/uploads\/2025\/11\/20200101_135331-1152x2048.jpg 1152w, https:\/\/lappartducriou.fr\/wp-content\/uploads\/2025\/11\/20200101_135331-scaled.jpg 1440w\" sizes=\"(max-width: 576px) 100vw, 576px\" \/>\t\t\t\t\t\t\t\t\t\t\t\t\t\t\t<\/div>\n\t\t\t\t\t<\/div>\n\t\t\t\t<\/div>\n\t\t<div class=\"elementor-element elementor-element-270d218 e-grid e-con-boxed e-con e-parent\" data-id=\"270d218\" data-element_type=\"container\">\n\t\t\t\t\t<div class=\"e-con-inner\">\n\t\t\t\t<div class=\"elementor-element elementor-element-f955ad6 elementor-widget elementor-widget-image\" data-id=\"f955ad6\" data-element_type=\"widget\" data-widget_type=\"image.default\">\n\t\t\t\t\t\t\t\t\t\t\t\t\t\t\t<img loading=\"lazy\" decoding=\"async\" width=\"1024\" height=\"576\" src=\"https:\/\/lappartducriou.fr\/wp-content\/uploads\/2025\/11\/20200101_135336-1024x576.jpg\" class=\"attachment-large size-large wp-image-491\" alt=\"\" srcset=\"https:\/\/lappartducriou.fr\/wp-content\/uploads\/2025\/11\/20200101_135336-1024x576.jpg 1024w, https:\/\/lappartducriou.fr\/wp-content\/uploads\/2025\/11\/20200101_135336-300x169.jpg 300w, https:\/\/lappartducriou.fr\/wp-content\/uploads\/2025\/11\/20200101_135336-768x432.jpg 768w, https:\/\/lappartducriou.fr\/wp-content\/uploads\/2025\/11\/20200101_135336-1536x864.jpg 1536w, https:\/\/lappartducriou.fr\/wp-content\/uploads\/2025\/11\/20200101_135336-2048x1152.jpg 2048w, https:\/\/lappartducriou.fr\/wp-content\/uploads\/2025\/11\/20200101_135336-800x450.jpg 800w\" sizes=\"(max-width: 1024px) 100vw, 1024px\" \/>\t\t\t\t\t\t\t\t\t\t\t\t\t\t\t<\/div>\n\t\t\t\t<div class=\"elementor-element elementor-element-9361ccc elementor-widget elementor-widget-image\" data-id=\"9361ccc\" data-element_type=\"widget\" data-widget_type=\"image.default\">\n\t\t\t\t\t\t\t\t\t\t\t\t\t\t\t<img loading=\"lazy\" decoding=\"async\" width=\"1024\" height=\"576\" src=\"https:\/\/lappartducriou.fr\/wp-content\/uploads\/2025\/11\/20200103_114234-1024x576.jpg\" class=\"attachment-large size-large wp-image-490\" alt=\"\" srcset=\"https:\/\/lappartducriou.fr\/wp-content\/uploads\/2025\/11\/20200103_114234-1024x576.jpg 1024w, https:\/\/lappartducriou.fr\/wp-content\/uploads\/2025\/11\/20200103_114234-300x169.jpg 300w, https:\/\/lappartducriou.fr\/wp-content\/uploads\/2025\/11\/20200103_114234-768x432.jpg 768w, https:\/\/lappartducriou.fr\/wp-content\/uploads\/2025\/11\/20200103_114234-1536x864.jpg 1536w, https:\/\/lappartducriou.fr\/wp-content\/uploads\/2025\/11\/20200103_114234-2048x1152.jpg 2048w, https:\/\/lappartducriou.fr\/wp-content\/uploads\/2025\/11\/20200103_114234-800x450.jpg 800w\" sizes=\"(max-width: 1024px) 100vw, 1024px\" \/>\t\t\t\t\t\t\t\t\t\t\t\t\t\t\t<\/div>\n\t\t\t\t\t<\/div>\n\t\t\t\t<\/div>\n\t\t\t\t<\/div>\n\t\t","protected":false},"excerpt":{"rendered":"<p>L&rsquo;hiver venez profiter de notre domaine skiable, faire de la raquette pour aller admirer le mont blanc. Pendant la p\u00e9riode de Noel, vous pourrez profiter des festivit\u00e9s ainsi que du march\u00e9 de Noel.<\/p>\n","protected":false},"author":1,"featured_media":0,"parent":0,"menu_order":0,"comment_status":"closed","ping_status":"closed","template":"","meta":{"footnotes":""},"class_list":["post-288","page","type-page","status-publish","hentry","entry"],"_links":{"self":[{"href":"https:\/\/lappartducriou.fr\/index.php\/wp-json\/wp\/v2\/pages\/288","targetHints":{"allow":["GET"]}}],"collection":[{"href":"https:\/\/lappartducriou.fr\/index.php\/wp-json\/wp\/v2\/pages"}],"about":[{"href":"https:\/\/lappartducriou.fr\/index.php\/wp-json\/wp\/v2\/types\/page"}],"author":[{"embeddable":true,"href":"https:\/\/lappartducriou.fr\/index.php\/wp-json\/wp\/v2\/users\/1"}],"replies":[{"embeddable":true,"href":"https:\/\/lappartducriou.fr\/index.php\/wp-json\/wp\/v2\/comments?post=288"}],"version-history":[{"count":9,"href":"https:\/\/lappartducriou.fr\/index.php\/wp-json\/wp\/v2\/pages\/288\/revisions"}],"predecessor-version":[{"id":521,"href":"https:\/\/lappartducriou.fr\/index.php\/wp-json\/wp\/v2\/pages\/288\/revisions\/521"}],"wp:attachment":[{"href":"https:\/\/lappartducriou.fr\/index.php\/wp-json\/wp\/v2\/media?parent=288"}],"curies":[{"name":"wp","href":"https:\/\/api.w.org\/{rel}","templated":true}]}}